. What is the hundreds digit of z?
6
Suppose 0 = -10*o - 6*o + 224. Suppose o*y = 5*y + 4851. What is the units digit of y?
9
Suppose -p - 3 = w, -2*p + 21 = p - 3*w. Let z(l) = -2*l**2 - 7 + 16*l + 0*l**2 - 5*l**p + 5*l**2. What is the tens digit of z(6)?
1
Let h(d) be the first derivative of 12*d**2 + 11*d + 5. Let l be h(-3). Let r = l + 102. What is the units digit of r?
1
Suppose -37207 = -b + 5*a, 38*a - 34*a = -3*b + 111602. What is the units digit of b?
2
Suppose -3*p = -6*p + 3*o + 141, 4*p - 3*o = 190. What is the hundreds digit of 77/p + (-6)/(-14) + 414?
4
Suppose -2*n - 320*o + 67666 = -323*o, -4*n = -4*o - 135336. What is the thousands digit of n?
3
Suppose -1374 = -21*m + 24666. Suppose -5*x = -x - m. What is the hundreds digit of x?
3
What is the ten thousands digit of ((-81870)/63 + 30/35)*-57?
7
Let h be 6*((-21)/(-36) - (-2)/(-8)). Suppose -h*n + 8*k = 5*k - 168, 370 = 5*n + 5*k. What is the tens digit of n?
7
Let z(f) = -f**3 - 14*f**2 - 17*f - 25. Let j be z(-14). Let d = j - 35. What is the hundreds digit of d?
1
Let f(o) = -355*o**3 - o**2 - 3*o + 3. Suppose 3*j - r - 7 = 0, j - 5*r - 7 = 14. Let y be f(j). What is the tens digit of (3/6)/(-1 - 358/y)?
8
Let d = 25575 - 12769. What is the tens digit of d?
0
Suppose -68 = -5*s + 27. Suppose s*z - 10652 = 22427. What is the units digit of z?
1
Let y(c) = c + 8802. What is the hundreds digit of y(-102)?
7
Suppose x - 13079 = -3*h, -3*x - 2*h - 10625 = -49883. What is the hundreds digit of x?
0
Suppose d - 5*d + 2*o + 34222 = 0, d = -o + 8551. Suppose 24*c - 1358 = d. What is the units digit of c?
3
Let u be (-2 + 3 + -3)/(-2) + 8. Suppose -u*v + 178 = -7*v. What is the units digit of ((5 + -8)/3)/((-1)/v)?
9
Let n(b) = 22 + 11*b**2 - 3*b + b + 0*b**3 + b**3. Let a(l) = 249*l - 2500. Let y be a(10). What is the units digit of n(y)?
2
Let s(w) = 3*w**3 - 7*w**2 - 4*w + 31. What is the hundreds digit of s(9)?
6
Let h(f) = -1734 + 19*f - f**2 + 7*f**2 + 1715. What is the units digit of h(7)?
8
Let p(x) = -89*x - 1967. What is the thousands digit of p(-56)?
3
Suppose s - 4*u = 2*s - 21893, 0 = -2*s - 3*u + 43761. What is the ten thousands digit of s?
2
Let d be (26/39)/((-4)/(-12)). Suppose -4*u + 6158 = d*k, -5*u + 2*k = -5643 - 2041. What is the tens digit of u?
3
Suppose -5*d + 193 - 813 = 0. Let w = 558 - d. What is the tens digit of w?
8
Let x be (-3038)/42 + (-1)/(-3). Let n = 271 + x. What is the tens digit of n?
9
Let x be 27000/275 + (-4)/22. Suppose s = -s - 3*c + x, 4*s - 5*c = 240. What is the units digit of s?
5
Suppose 334352 = 66*s + 48572. What is the units digit of s?
0
Suppose 4*o + 4864 = -4*m, -3652 = 3*m + 10*o - 5*o. Let k = m + 1827. What is the hundreds digit of k?
6
Suppose 2*z - 502 = 2*s, -3*s - 4*z = -2*s + 226. Let j = s + 114. Let w = j - -250. What is the tens digit of w?
1
Let k = 337 - 323. Suppose k*h - 3625 - 5461 = 0. What is the units digit of h?
9
Suppose -4*c = 2*o + 1660, 5*c - 466 = -2*o - 2541. Let q = c + 1284. What is the units digit of q?
9
Let v be 60/(-2)*(1 + -2). Let o be 2/((-2)/(-3) - 5/v). Suppose z - o*q - 139 = 0, -3*q - 230 = 5*z - 833. What is the units digit of z?
3
Let u(b) = 50*b - 1. Let h be u(0). What is the tens digit of ((-1)/h)/((12/(-97))/(-12))?
9
Suppose 0 = 2503*z - 2495*z - 248. Let b(v) = 3*v - 1. Let f be b(1). What is the tens digit of z - (f/(-1) - -2)?
3
Let t be (3 - 1)*(3 + -1). Suppose 7*z = t*z + 36. Let b = 79 - z. What is the units digit of b?
7
Let y(u) = 14*u - 14. Let x be y(3). Let r = x - 14. What is the units digit of r?
4
Suppose 1263225 = -4245*b + 4260*b. What is the hundreds digit of b?
2
Let s = 39580 - -3208. What is the thousands digit of s?
2
Let y(g) = 3*g**3 + 3*g**2 + 3*g - 24. Suppose 0 = -5*d - 25, -196 = 2*u + 2*d + 2*d. Let n = -84 - u. What is the hundreds digit of y(n)?
2
Let g = 597 + 1873. Suppose -27*c = -14*c - g. What is the units digit of c?
0
Suppose -5*j = 3*i + 5 + 11, 0 = 3*i + 2*j + 19. Let k(v) = -11*v + 77. What is the tens digit of k(i)?
5
Let s be (435/25)/(2/10). Let n = 96 - s. Suppose -v + n = -0*v. What is the units digit of v?
9
Let p(v) = -13*v - 164 + 78 + 0*v + 68. What is the units digit of p(-29)?
9
What is the tens digit of (-5 - -1806) + (9 - 11)/((-2)/3)?
0
Let a(f) = -2*f**3 - 6*f**2 - 9*f - 7. Let l be -5 - ((-8)/10)/(30/75). Let t be a(l). Suppose 10*d - t*d + 200 = 0. What is the units digit of d?
0
Let m(a) = -a**3 + 4*a**2 + 26*a - 31. Let c be m(6). Suppose 2*y - 3*y = -c. What is the units digit of y?
3
Let m(u) = -u**3 + u**2 - 5*u + 432. Let w = 194 + -194. What is the units digit of m(w)?
2
Suppose 4 = p + 68. Let h = 69 + p. What is the units digit of ((-237)/(-6))/(3 + h/(-2))?
9
Let r(m) = 4*m + 39. Let k(o) = o - 1. Let f(l) = 18*k(l) + 2*r(l). What is the tens digit of f(6)?
1
Suppose -4*q = -7*f + 5*f - 49940, 2*q + 5*f = 25006. What is the units digit of q?
8
Let r be (1056/(-9))/((-41)/492). Suppose -11412 = -5*g + 3*u - 4336, -g - 3*u = -r. What is the tens digit of g?
1
Suppose 5*r = 2*c - 45828 + 5331, 0 = 5*c + 3*r - 101382. What is the thousands digit of c?
0
Suppose 2*x = -13*x + 60. Let i(b) = 1 - 980*b**3 + 949*b**3 + 1 - x*b. What is the tens digit of i(-2)?
5
Suppose -11315 - 156863 = -9*b - 5944. What is the ten thousands digit of b?
1
Let s be 0*3/6 - (0 - 5). Suppose 2*i + 2470 = 4*o, -5*o + 0*i - s*i = -3080. What is the hundreds digit of o?
6
Let i(d) = d + 67. Let o be (25*(-4)/8)/((-2)/4). Let a = 25 - o. What is the units digit of i(a)?
7
Let x(w) = w**3 + 16*w**2 - 2*w + 24. Suppose -5*y + 9 = -k - 9*y, 0 = 2*k + 2*y + 18. What is the units digit of x(k)?
9
Let o = 15318 + -15375. Let i(t) = t**3 + 155. Let n be i(0). Let a = n + o. What is the tens digit of a?
9
Let p(n) = 3*n**3 - 5*n**2 + 22*n - 99. What is the tens digit of p(18)?
7
Suppose 0 = -4*a + 2*g + 4, -2*a - 13 = 3*a + 2*g. Let y be (8/a)/(2/(-19)). Suppose 7 = u - y. What is the units digit of u?
3
What is the ten thousands digit of ((-7)/3 + (-164 - -165))*112869/(-12)?
1
Let h be (4292/(-16) + -1)/((-5)/80). Let x = -3050 + h. What is the thousands digit of x?
1
Suppose 0 = -3*v - 2*v + 2*k + 53227, -4*k + 10663 = v. What is the units digit of v?
7
Let a = -254 + 341. What is the units digit of 2994/10 + a/145?
0
Suppose -4*o + 3*j - 181 = 0, 4*o - 2*j + 191 = -j. Let i = 5 - o. Let d = 6 + i. What is the units digit of d?
0
Let j(m) = 4*m**2 + 184*m - 202. What is the thousands digit of j(44)?
5
What is the thousands digit of (984/12 - 22)*304/10?
1
Let z(o) be the second derivative of o**3 + 125*o**2/2 - 2*o - 35. What is the hundreds digit of z(0)?
1
Let p = 309 + -298. Suppose 5402 = p*t - 4311. What is the tens digit of t?
8
Let s = -80 + 85. Let x(h) = 11*h**2 + 14*h - 9. What is the tens digit of x(s)?
3
Let z(v) = 4*v + 7. Let m(i) be the third derivative of -i**4/8 - i**3 + 19*i**2. Let r be m(-6). What is the tens digit of z(r)?
5
Let d(f) = 5908*f - 405. What is the hundreds digit of d(3)?
3
Suppose -4*q + 52 = -96. Let y be (2 + 8/(-3))*798/(-4). Let v = q + y. What is the units digit of v?
0
Suppose -3 - 4 = k. Suppose p + 73 = -80. What is the tens digit of (k - -3) + 6 - p?
5
Let a be (-3)/(5/((-140)/6)). Let i = -8 + a. Suppose 14 = -i*s + 356. What is the tens digit of s?
5
Suppose 0 = -c - 1186 + 6215. What is the hundreds digit of c?
0
Suppose -16*y + 17*y = 866. Let t = y + -582. What is the units digit of t?
4
Let u be 3/(2/104*12). Let n = 1991 + 496. Suppose -u*v - 810 = -n. What is the tens digit of v?
2
What is the units digit of (2/((-8)/14367))/(59/(39648/(-63)))?
2
Let g = 559 + -1323. Let t be -3 - -2*(-1 - g/8). Suppose -4*x - s + 157 = 0, -5*x = 2*s - t - 8. What is the tens digit of x?
4
What is the hundreds digit of (1/(18/(-3336)))/((-32)/7056)?
8
Let s(q) = q**2 - 3*q - 10. Let u = 34 - 30. Let m(a) = -a**3 + 3*a**2 + 4*a + 6. Let t be m(u). What is the units digit of s(t)?
8
Let k(s) = -7*s**3 - s**2 + 172. Let x(y) = -15*y**3 - 2*y**2 + y + 344. Let d(z) = 13*k(z) - 6*x(z). What is the tens digit of d(0)?
7
What is the hundreds digit of (-9 + 0)*(5 + (-7976)/12)?
9
Suppose -381*g + 3390096 + 552940 = -3792407. What is the tens digit of g?
0
Suppose -2*b + 18274 = -29*s + 33*s, 15 = 5*b. What is the hundre